{"id":109,"date":"2025-10-05T09:05:10","date_gmt":"2025-10-05T09:05:10","guid":{"rendered":"https:\/\/fqedu.pt\/?page_id=109"},"modified":"2025-10-05T09:05:10","modified_gmt":"2025-10-05T09:05:10","slug":"rersolucoes","status":"publish","type":"page","link":"https:\/\/fqedu.pt\/?page_id=109","title":{"rendered":"Resolu\u00e7\u00f5es"},"content":{"rendered":"\n<div data-wp-interactive=\"core\/file\" class=\"wp-block-file\"><object data-wp-bind--hidden=\"!state.hasPdfPreview\" hidden class=\"wp-block-file__embed\" data=\"https:\/\/fqedu.pt\/wp-content\/uploads\/2025\/10\/Ficha-1-\u2013-Resolucao.pdf\" type=\"application\/pdf\" style=\"width:100%;height:600px\" aria-label=\"Incorpora\u00e7\u00e3o de Ficha 1 \u2013 Resolu\u00e7\u00e3o.\"><\/object><a id=\"wp-block-file--media-dddf6b06-21ee-40a6-831d-048d10f52f0f\" href=\"https:\/\/fqedu.pt\/wp-content\/uploads\/2025\/10\/Ficha-1-\u2013-Resolucao.pdf\">Ficha 1 \u2013 Resolu\u00e7\u00e3o<\/a><a href=\"https:\/\/fqedu.pt\/wp-content\/uploads\/2025\/10\/Ficha-1-\u2013-Resolucao.pdf\" class=\"wp-block-file__button wp-element-button\" download aria-describedby=\"wp-block-file--media-dddf6b06-21ee-40a6-831d-048d10f52f0f\">Descarregar<\/a><\/div>\n\n\n\n<div data-wp-interactive=\"core\/file\" class=\"wp-block-file\"><object data-wp-bind--hidden=\"!state.hasPdfPreview\" hidden class=\"wp-block-file__embed\" data=\"https:\/\/fqedu.pt\/wp-content\/uploads\/2025\/10\/Ficha-2-resolucao.pdf\" type=\"application\/pdf\" style=\"width:100%;height:600px\" aria-label=\"Incorpora\u00e7\u00e3o de Ficha 2 - resolu\u00e7\u00e3o.\"><\/object><a id=\"wp-block-file--media-73d96b69-2c17-4abc-b545-ea3fb8703d9f\" href=\"https:\/\/fqedu.pt\/wp-content\/uploads\/2025\/10\/Ficha-2-resolucao.pdf\">Ficha 2 &#8211; resolu\u00e7\u00e3o<\/a><a href=\"https:\/\/fqedu.pt\/wp-content\/uploads\/2025\/10\/Ficha-2-resolucao.pdf\" class=\"wp-block-file__button wp-element-button\" download aria-describedby=\"wp-block-file--media-73d96b69-2c17-4abc-b545-ea3fb8703d9f\">Descarregar<\/a><\/div>\n\n\n\n<div data-wp-interactive=\"core\/file\" class=\"wp-block-file\"><object data-wp-bind--hidden=\"!state.hasPdfPreview\" hidden class=\"wp-block-file__embed\" data=\"https:\/\/fqedu.pt\/wp-content\/uploads\/2025\/10\/Ficha-3-Resolucao.pdf\" type=\"application\/pdf\" style=\"width:100%;height:600px\" aria-label=\"Incorpora\u00e7\u00e3o de Ficha 3 - Resolu\u00e7\u00e3o.\"><\/object><a id=\"wp-block-file--media-8fa1bec5-fb25-4066-b5fd-b1d96055c409\" href=\"https:\/\/fqedu.pt\/wp-content\/uploads\/2025\/10\/Ficha-3-Resolucao.pdf\">Ficha 3 &#8211; Resolu\u00e7\u00e3o<\/a><a href=\"https:\/\/fqedu.pt\/wp-content\/uploads\/2025\/10\/Ficha-3-Resolucao.pdf\" class=\"wp-block-file__button wp-element-button\" download aria-describedby=\"wp-block-file--media-8fa1bec5-fb25-4066-b5fd-b1d96055c409\">Descarregar<\/a><\/div>\n\n\n\n<div data-wp-interactive=\"core\/file\" class=\"wp-block-file\"><object data-wp-bind--hidden=\"!state.hasPdfPreview\" hidden class=\"wp-block-file__embed\" data=\"https:\/\/fqedu.pt\/wp-content\/uploads\/2025\/10\/Ficha-4-Resolucao.pdf\" type=\"application\/pdf\" style=\"width:100%;height:600px\" aria-label=\"Incorpora\u00e7\u00e3o de Ficha 4 - Resolu\u00e7\u00e3o.\"><\/object><a id=\"wp-block-file--media-dac47056-541c-4b2d-bb17-2a148b152e32\" href=\"https:\/\/fqedu.pt\/wp-content\/uploads\/2025\/10\/Ficha-4-Resolucao.pdf\">Ficha 4 &#8211; Resolu\u00e7\u00e3o<\/a><a href=\"https:\/\/fqedu.pt\/wp-content\/uploads\/2025\/10\/Ficha-4-Resolucao.pdf\" class=\"wp-block-file__button wp-element-button\" download aria-describedby=\"wp-block-file--media-dac47056-541c-4b2d-bb17-2a148b152e32\">Descarregar<\/a><\/div>\n\n\n\n<div data-wp-interactive=\"core\/file\" class=\"wp-block-file\"><object data-wp-bind--hidden=\"!state.hasPdfPreview\" hidden class=\"wp-block-file__embed\" data=\"https:\/\/fqedu.pt\/wp-content\/uploads\/2025\/10\/Ficha-5-Resolucao.pdf\" type=\"application\/pdf\" style=\"width:100%;height:600px\" aria-label=\"Incorpora\u00e7\u00e3o de Ficha 5 - Resolu\u00e7\u00e3o.\"><\/object><a id=\"wp-block-file--media-98b0209d-b432-4486-b2ea-84d883fda7d9\" href=\"https:\/\/fqedu.pt\/wp-content\/uploads\/2025\/10\/Ficha-5-Resolucao.pdf\">Ficha 5 &#8211; Resolu\u00e7\u00e3o<\/a><a href=\"https:\/\/fqedu.pt\/wp-content\/uploads\/2025\/10\/Ficha-5-Resolucao.pdf\" class=\"wp-block-file__button wp-element-button\" download aria-describedby=\"wp-block-file--media-98b0209d-b432-4486-b2ea-84d883fda7d9\">Descarregar<\/a><\/div>\n\n\n\n<div data-wp-interactive=\"core\/file\" class=\"wp-block-file\"><object data-wp-bind--hidden=\"!state.hasPdfPreview\" hidden class=\"wp-block-file__embed\" data=\"https:\/\/fqedu.pt\/wp-content\/uploads\/2025\/10\/Ficha-6-Resolucao.pdf\" type=\"application\/pdf\" style=\"width:100%;height:600px\" aria-label=\"Incorpora\u00e7\u00e3o de Ficha 6 - Resolu\u00e7\u00e3o.\"><\/object><a id=\"wp-block-file--media-5d2418fd-6316-4360-a159-98604ab5c0a9\" href=\"https:\/\/fqedu.pt\/wp-content\/uploads\/2025\/10\/Ficha-6-Resolucao.pdf\">Ficha 6 &#8211; Resolu\u00e7\u00e3o<\/a><a href=\"https:\/\/fqedu.pt\/wp-content\/uploads\/2025\/10\/Ficha-6-Resolucao.pdf\" class=\"wp-block-file__button wp-element-button\" download aria-describedby=\"wp-block-file--media-5d2418fd-6316-4360-a159-98604ab5c0a9\">Descarregar<\/a><\/div>\n","protected":false},"excerpt":{"rendered":"","protected":false},"author":1,"featured_media":0,"parent":0,"menu_order":0,"comment_status":"closed","ping_status":"closed","template":"","meta":{"footnotes":""},"class_list":["post-109","page","type-page","status-publish","hentry"],"_links":{"self":[{"href":"https:\/\/fqedu.pt\/index.php?rest_route=\/wp\/v2\/pages\/109","targetHints":{"allow":["GET"]}}],"collection":[{"href":"https:\/\/fqedu.pt\/index.php?rest_route=\/wp\/v2\/pages"}],"about":[{"href":"https:\/\/fqedu.pt\/index.php?rest_route=\/wp\/v2\/types\/page"}],"author":[{"embeddable":true,"href":"https:\/\/fqedu.pt\/index.php?rest_route=\/wp\/v2\/users\/1"}],"replies":[{"embeddable":true,"href":"https:\/\/fqedu.pt\/index.php?rest_route=%2Fwp%2Fv2%2Fcomments&post=109"}],"version-history":[{"count":2,"href":"https:\/\/fqedu.pt\/index.php?rest_route=\/wp\/v2\/pages\/109\/revisions"}],"predecessor-version":[{"id":117,"href":"https:\/\/fqedu.pt\/index.php?rest_route=\/wp\/v2\/pages\/109\/revisions\/117"}],"wp:attachment":[{"href":"https:\/\/fqedu.pt\/index.php?rest_route=%2Fwp%2Fv2%2Fmedia&parent=109"}],"curies":[{"name":"wp","href":"https:\/\/api.w.org\/{rel}","templated":true}]}}